- 7*s + 6. Let l be x(6). Let n(g) = 2*g**2 + g + 1. Let p be n(-1). Suppose -p*c + 24 = -l*c. What are the prime factors of c?
2, 3
List the prime factors of 133 + (-1 - (2 - 4))*1.
2, 67
Let q(z) be the third derivative of -z**5/60 + z**4/4 + 7*z**3/6 - 2*z**2. List the prime factors of q(5).
2, 3
Let i(y) = y**2 + 3. Let s be i(0). Let c be -1*(-38)/10 - (-3)/15. Suppose -7*q + s*d = -c*q - 51, 48 = 3*q - 2*d. List the prime factors of q.
2, 7
Let d = -9 - -11. Suppose d*w + 4 = 3*w. List the prime factors of w.
2
Suppose -5*c - 3*u + 16 = 0, -c = -0*c + 4*u - 10. Suppose 2*b = -5*t + 30, -c*b - 1 = -3*t + 1. What are the prime factors of t?
2
Let f(c) = -c**3 - 4*c**2 - 4*c + 7. List the prime factors of f(-5).
2, 13
Suppose 2*d = -3*f + 1, -4*f = -2*d + 9 + 13. List the prime factors of (-51 - 3)/f - 0.
2, 3
Let p(n) = 2*n**2 + 7*n - 4. What are the prime factors of p(-7)?
3, 5
Let g = -194 - -324. What are the prime factors of g?
2, 5, 13
Let b(u) = -u**2 - 6*u + 7. Let t be b(-6). Let h = t - 2. Let n = 8 - h. List the prime factors of n.
3
Let r be 17/(-5) + (-2)/(-5). Let g be ((-2)/r)/(1/(-3)). What are the prime factors of (-129)/(-12) + g/(-8)?
11
Let l be 0*(-3 - (-4)/2). Suppose 0 = 4*x + 10 - 2, l = -2*y - x + 22. What are the prime factors of y?
2, 3
Suppose 4*g - 29 = -u, 0*u + 27 = u + 5*g. Suppose 4*w - u = 11. What are the prime factors of w?
2, 3
Let c(m) = 13*m**2 - m - 1. Let s(w) = -w**3 + w**2 + 2*w - 1. Let q be s(2). List the prime factors of c(q).
13
Let m = 18 - 10. Suppose -5*z + 4*z + m = 0. List the prime factors of z.
2
Let l = -9 - -9. Suppose 890 = -5*j - l*j. What are the prime factors of (-4)/22 - j/11?
2
List the prime factors of 200/6 + 5/(-15).
3, 11
Let p = 9 + -6. Suppose p*m + 24 - 84 = 0. What are the prime factors of m?
2, 5
Suppose 4*x - 340 + 60 = 0. What are the prime factors of x?
2, 5, 7
Suppose 2*p = -w + 377, -4*p + w = -2*w - 759. What are the prime factors of p?
3, 7
Let v(j) = j**2 + 3*j + 2. Let c be v(-3). Suppose -c*d + 5 = 1. Suppose -d*x - 2*x + 48 = 0. List the prime factors of x.
2, 3
Let z = 3 - 1. List the prime factors of 8*z - (2 - 5).
19
Let u(c) = -c**3 - 8*c**2 - 7*c + 2. Let a be u(-7). Suppose -3*y = -a + 8. Let p = y - -9. List the prime factors of p.
7
Let g = 29 + -17. Suppose -2*x = 3*c - g, 3*c = 4*x - 0*c - 6. What are the prime factors of (-6)/x - (1 + -7)?
2
Let n(g) = -g**3 + 4*g**2 + 5*g + 2. What are the prime factors of n(4)?
2, 11
Suppose -3*k - 2*q + 307 = 0, -k - k = -4*q - 178. List the prime factors of k.
3, 11
Suppose 8 = -m + 5*m. Suppose 4*r + 4*n = 84, m*r - n - 46 = -4*n. Suppose 5*i = 2*v + 33, i = 4*i - 4*v - r. What are the prime factors of i?
7
Let o(j) = j**3 - 2*j**2 - j - 3. Let w be o(3). Suppose 17 + 4 = w*r. What are the prime factors of r?
7
Let d be -4 + (2 - (-2 - -2)). Let b be d/(-2)*(1 + 1). List the prime factors of (6*b)/((-8)/(-12)).
2, 3
Let o = 39 - -2. What are the prime factors of o?
41
Suppose -6 = -3*h + 3. Suppose 62 = h*l - 0*l + 4*b, -4*l + 124 = -5*b. List the prime factors of l.
2, 13
Let t(s) = s**3 + 6*s**2 - 9*s - 6. Let d(a) = a + 11. Let j be d(-9). Let g be -1 + (4 - j) - 8. What are the prime factors of t(g)?
2
Suppose 0 = -9*i + 8*i + 8. What are the prime factors of i?
2
Suppose 8*z - 3*z = -2*d + 6, -4*d - 2*z - 4 = 0. List the prime factors of -1*(d*6 + 2).
2, 5
Let w be (-5)/10 + (-2)/(-4). Suppose 2*q = -w*q - 5*d + 17, 0 = -q + 2*d + 31. What are the prime factors of q?
3, 7
Let k be 41/6 - (-5)/30. Suppose -26 + 11 = -3*o. Suppose 0 = -o*p - u + 64, -4 = p - k*u + 3*u. List the prime factors of p.
2, 3
Suppose 14 = -2*x + 3*x + 3*g, 3*x = 3*g + 90. Suppose 0 = -3*m - 8 + x. What are the prime factors of m?
2, 3
Let w(z) = 15*z - 9. What are the prime factors of w(5)?
2, 3, 11
Let t(x) = -13*x + 4. Let k be t(-5). Let u = -28 - -13. List the prime factors of 2/5 - k/u.
5
Suppose -10 + 0 = 2*a. Let q be a*(-2 - (0 - -22)). Suppose -q = -5*w - 35. What are the prime factors of w?
17
Let d be (-4)/(2*3/(-9)). Let s(o) = 2*o - 7. What are the prime factors of s(d)?
5
Let h = 50 - 23. List the prime factors of h.
3
Let v(s) = -s**2 - 8*s + 19. Let f be v(-9). Suppose -n - 4*c = -2*n + f, -n = -3*c - 9. What are the prime factors of n?
2, 3
Let x be (-5)/((-10)/4)*1. Let f = 2 + x. Let k = 9 - f. List the prime factors of k.
5
Let r(w) = w + 21. List the prime factors of r(0).
3, 7
Let c(y) = -y**3 + 2*y**2 + 2*y - 1. Let t be c(2). Suppose -t*d - 24 = -d. What are the prime factors of (2/(-4))/(2/d)?
3
Let d = 21 - -9. What are the prime factors of d?
2, 3, 5
Let f be 2 + -2 + -2 + 8. Suppose 80 = -2*m + f*m. Suppose -t - 4*t + m = 0. List the prime factors of t.
2
Suppose -4*t + 120 = 4*b, -4*b - 3*t + 116 = 2*t. List the prime factors of b.
2, 17
Suppose 0*s + s - 10 = -j, -5*s + 5*j = 0. Let d be 130/14 - (-4)/(-14). Let x = d - s. List the prime factors of x.
2
What are the prime factors of (-6)/(-3) + 7*3?
23
Let j(t) = t**2 - 3*t - 12. Let c be j(10). Suppose -3*v + 5*n = -2*v - 44, -2*v + c = -4*n. What are the prime factors of v?
19
Suppose -2*c + 4*c - 5*o = 106, 4*c - 2*o - 212 = 0. List the prime factors of c.
53
Suppose -3*p - 7 = 5*o, 2*o + 35 = 5*p + o. Suppose -p*b + 55 = -b. Suppose 33 = 4*r + s, -5*s + b = 4*r - 26. List the prime factors of r.
2
Let u(s) = -s**2 + 6*s + 3. Let k be u(3). Suppose -3*n - k = -0*n. List the prime factors of (6/4)/(n/(-40)).
3, 5
Suppose 31 = 6*u - 329. What are the prime factors of u?
2, 3, 5
Let w be (2/(-4))/((-2)/120). Let c = -20 + w. What are the prime factors of c?
2, 5
Suppose i = -3*d + 7, 3*d - 35 = -5*i - 2*d. Suppose i*c = 2*c + 55. List the prime factors of c.
11
Let c = 233 - 157. What are the prime factors of c?
2, 19
Let x = 27 - 11. Let o = -14 + x. List the prime factors of o.
2
Suppose 5*v - 6*v = 3*s - 6, -10 = -4*v + 2*s. Suppose -30 = 5*w - v*u, 5*w - 2*u + 17 = 2*w. List the prime factors of (-6)/27 + (-20)/w.
2
What are the prime factors of -1 - (-3 + 0) - (-138 - 7)?
3, 7
What are the prime factors of (-702)/2*-1 + (15 - 12)?
2, 3, 59
Let h = -1 - -4. Suppose -4*m = 2*f - 2 - 8, 5*f - m - h = 0. Suppose 0 = -i + f, 4*y - 3*i = 7 + 26. List the prime factors of y.
3
Let k(m) = -46*m**3 + 2*m**2 - 2*m - 3. Let c(l) = -l**3 + l + 1. Let g(n) = -2*c(n) - k(n). List the prime factors of g(1).
47
Suppose 15 = 5*w, 6*k - 2*k + 4*w = 20. Suppose -k*h + 3 = -5. Suppose h*g + 2 = 10. What are the prime factors of g?
2
Let x(c) = c + 5. Let j be x(-5). Suppose j*n + 5*n - 45 = 0. List the prime factors of n.
3
Let m = -58 - -94. Suppose -5*j - q = -5*q - m, 4*q = -3*j + 28. List the prime factors of j.
2
Let k(y) = 4*y + 1. Let i(h) = -7*h - 3. Let n(w) = 3*i(w) + 5*k(w). Let s be n(-5). Let j = 1 + s. What are the prime factors of j?
2
Let u be -6*(-3)/(-6)*1. Let r(a) = -6*a**2 + a + 1. Let f be r(-1). List the prime factors of (19/u)/(f/18).
19
Suppose s - 11 = 21. Suppose -10 = 2*h - s. What are the prime factors of 1/(2/(h*2))?
11
Let a(z) = 78*z**2 + 3*z - 8. What are the prime factors of a(2)?
2, 5, 31
Let a be (0 - 0) + 32/8. Suppose -a*v + 2*v = -4. What are the prime factors of 7/(7/20) - v?
2, 3
Let o(w) = 16*w + 8. What are the prime factors of o(4)?
2, 3
Let s = 57 + -21. Suppose 5*g + b - 42 = 3, -4*g - b = -s. List the prime factors of g.
3
Let m(r) = r**3 + 2*r**2 - 7*r + 4. What are the prime factors of m(4)?
2, 3
Suppose 3*g + 4*z + 70 = 279, 4*z = 5*g - 359. List the prime factors of g.
71
Suppose 0 = -2*m + 5*m - 129. Let g = m - 25. What are the prime factors of g?
2, 3
Suppose -2*q - 2*s + 812 = 2*q, -4*s = -16. What are the prime factors of q?
3, 67
Let y be (-2)/(-3)*(-6)/2. Let f = -2 + y. Let t = 16 + f. List the prime factors of t.
2, 3
Let z = -23 + 29. What are the prime factors of z?
2, 3
Let g be ((0/(-1))/(-3))/1. Let m(t) = -t + 29. List the prime factors of m(g).
29
Let u(r) = r**3 - 3*r**2 + 3*r - 4. Let v be u(3). Suppose -4*j + v = j. What are the prime factors of ((-6)/3)/j - -7?
5
Suppose 19 = h - 4*o, 0 = h - 0*h + 4*o + 21. Let s = h + 0. List the prime factors of -2*((-9)/2 - s).
7
What are the prime factors of 126 + 4 + 0 + -5?
5
Let p(x) = x**3 - 6*x**2 + 6*x. Let k be p(5). Suppose 2*m = -2*y - 3*m + 41,